{"id":7,"date":"2015-11-24T10:32:53","date_gmt":"2015-11-24T08:32:53","guid":{"rendered":"http:\/\/countrymusic.fi\/bakersfield\/?page_id=7"},"modified":"2016-03-11T09:02:11","modified_gmt":"2016-03-11T07:02:11","slug":"bio","status":"publish","type":"page","link":"https:\/\/countrymusic.fi\/bakersfield\/bio\/","title":{"rendered":"Bio"},"content":{"rendered":"<p><strong><a href=\"https:\/\/countrymusic.fi\/bakersfield\/wp-content\/uploads\/sites\/2\/2015\/11\/Bengt.jpg\"><img loading=\"lazy\" decoding=\"async\" class=\"alignleft size-full wp-image-37\" src=\"https:\/\/countrymusic.fi\/bakersfield\/wp-content\/uploads\/sites\/2\/2015\/11\/Bengt.jpg\" alt=\"Bengt Huhta\" width=\"98\" height=\"124\" \/><\/a>Bengt Huhta<\/strong><br \/>\n<em>S\u00e5ng och akustisk gitarr<\/em><br \/>\nF\u00f6dd 1949 i Karleby. Bengt startade sin professionella karri\u00e4r vid tre \u00e5rs \u00e5lder. Kl\u00e4dd i sj\u00f6mans dr\u00e4kt reste han med sin mor p\u00e5 ett passagerar t\u00e5g och uppt\u00e4ckte att han kunde tj\u00e4na godispengar genom att sjunga f\u00f6r damerna.<br \/>\nI mitten p\u00e5 60-talet sj\u00f6ng Bengt R&amp;B, rock&#8217;n roll och dans musik i olika band till 1968 n\u00e4r han under artist namnet Kristian vann &#8220;Syksyn S\u00e4vel&#8221; &#8211; en musik t\u00e4vling i Finlands TV &#8211; med s\u00e5ngen &#8220;N\u00e4in on&#8221;. N\u00e5gra hektiska \u00e5r med massor av spelningar \u00f6ver hela Finland samt n\u00e5gra turn\u00c3\u00a9er till Sverige f\u00f6ljde varefter Bengt flyttade till utomlands \u00e5r 1975. Efter tio \u00e5r i Sverige \u00e5terv\u00e4nde han till Finland och har bott I Karleby regionen sedan 1990 och jobbat som rektor i \u00c3\u2013ja skola.<\/p>\n<p><strong><a href=\"https:\/\/countrymusic.fi\/bakersfield\/wp-content\/uploads\/sites\/2\/2015\/11\/Peter.jpg\"><img loading=\"lazy\" decoding=\"async\" class=\"alignleft size-full wp-image-46\" src=\"https:\/\/countrymusic.fi\/bakersfield\/wp-content\/uploads\/sites\/2\/2015\/11\/Peter.jpg\" alt=\"Peter Nylund\" width=\"98\" height=\"124\" \/><\/a>Peter Nylund<\/strong><br \/>\n<em>Steel gitarr<\/em><br \/>\nF\u00f6dd 1960 i Kronoby. En av de grundande medlemmarna i Country Life. Har medverkat p\u00e5 ett stort antal inspelningar p\u00e5 olika h\u00e5ll i Finland. Har som f\u00f6rsta nordbo blivit inbjuden att spela p\u00e5 europas st\u00f6rsta steel guitar festival <em><strong>Irish Steel Guitar Festival<\/strong><\/em>. Till vardags jobbar Peter inom reklambranschen och \u00e4r bosatt i Terj\u00e4rv.<\/p>\n<p><strong><a href=\"https:\/\/countrymusic.fi\/bakersfield\/wp-content\/uploads\/sites\/2\/2015\/11\/Pekka.jpg\"><img loading=\"lazy\" decoding=\"async\" class=\"alignleft size-full wp-image-45\" src=\"https:\/\/countrymusic.fi\/bakersfield\/wp-content\/uploads\/sites\/2\/2015\/11\/Pekka.jpg\" alt=\"Pekka Viitala\" width=\"98\" height=\"124\" \/><\/a>Pekka Viitala<\/strong><br \/>\nG<em>itarr och s\u00e5ng<\/em><br \/>\nF\u00f6dd 1968 i Kaustby. Pekka b\u00f6rjade ta piano lektioner vid nio \u00e5rs \u00e5lder men bytte om till klassisk gitarr och elektrisk gitarr n\u00e4r han bildade ett band tillsammans med n\u00e5gra v\u00e4nner vid tretton \u00e5rs \u00e5lder. Pekkas f\u00f6rsta musikaliska influenser var The Shadows och Hurriganes. Han har spelat i olika band sedan 1980-talet. Till professionen \u00e4r Pekka jordbrukare.<\/p>\n<p><strong><a href=\"https:\/\/countrymusic.fi\/bakersfield\/wp-content\/uploads\/sites\/2\/2015\/11\/Janne.jpg\"><img loading=\"lazy\" decoding=\"async\" class=\"alignleft size-full wp-image-41\" src=\"https:\/\/countrymusic.fi\/bakersfield\/wp-content\/uploads\/sites\/2\/2015\/11\/Janne.jpg\" alt=\"Jan Granlund\" width=\"98\" height=\"124\" \/><\/a>Jan Granlund<\/strong><br \/>\n<em>acoustic guitar and harmony vocal<\/em><br \/>\nF\u00f6dd 1954 i Karleby. Janne v\u00e4xte upp i en familj d\u00e4r andliga musiken hade en framtr\u00e4dande roll. Janne spelade olika instrument under skoltiden och i ton\u00e5ren b\u00f6rjade han spela p\u00e5 skoldanser och fester. Som vuxen har Janne spelat i olika dansband \u00e4ven om country rock verkar vara n\u00e4rmast hj\u00e4rtat. Han jobbar som musik terapeut och \u00e4r egen f\u00f6retagare.<\/p>\n<p><strong><a href=\"https:\/\/countrymusic.fi\/bakersfield\/wp-content\/uploads\/sites\/2\/2015\/11\/Christian.jpg\"><img loading=\"lazy\" decoding=\"async\" class=\"alignleft size-full wp-image-39\" src=\"https:\/\/countrymusic.fi\/bakersfield\/wp-content\/uploads\/sites\/2\/2015\/11\/Christian.jpg\" alt=\"Christian Lunabba\" width=\"98\" height=\"124\" \/><\/a>Christian Lunabba<\/strong><br \/>\n<em>Trummor<\/em><br \/>\nF\u00f6dd 1965 i Jakobstad. Familjen flyttade 1974 till Lepplax. Sin f\u00f6rsta skiva k\u00f6pte han 1975 av sina kusiner i Sverige. P\u00e5 A-sidan stod det Waterloo, B-sidan Honey Honey&#8230;. Christian tycker om alla sorters musik, det \u00e4r l\u00e5ten eller stycket som avg\u00f6r. Nuvarande band \u00e4r Winchester och Magpie &#8211; rock och country. Jobbar i det civila som b\u00e5tbyggare.<\/p>\n<p><strong><a href=\"https:\/\/countrymusic.fi\/bakersfield\/wp-content\/uploads\/sites\/2\/2015\/11\/Borje.jpg\"><img loading=\"lazy\" decoding=\"async\" class=\"alignleft size-full wp-image-38\" src=\"https:\/\/countrymusic.fi\/bakersfield\/wp-content\/uploads\/sites\/2\/2015\/11\/Borje.jpg\" alt=\"B\u00f6rje Nylund\" width=\"98\" height=\"124\" \/><\/a>B\u00f6rje Nylund<\/strong><br \/>\n<em>Bas<\/em><br \/>\nF\u00f6dd 1957 i Kronoby. Uppt\u00e4ckte countrymusik i mitten av 70-talet och grundade bandet Country Life tillsammans med sin bror och tv\u00e5 kusiner. Redan i unga \u00e5r var B\u00f6rje intresserad av ljudteknik och 1992 startade han Northern Stars som erbjuder inspelningar, ljud\u00e5tergivning och olika musikevenemang.<\/p>\n<p>&nbsp;<\/p>\n","protected":false},"excerpt":{"rendered":"<p>Bengt Huhta S\u00e5ng och akustisk gitarr F\u00f6dd 1949 i Karleby. Bengt startade sin professionella karri\u00e4r vid tre \u00e5rs \u00e5lder. Kl\u00e4dd i sj\u00f6mans dr\u00e4kt reste han med sin mor p\u00e5 ett passagerar t\u00e5g och uppt\u00e4ckte att han kunde tj\u00e4na godispengar genom att sjunga f\u00f6r damerna. I mitten p\u00e5 60-talet sj\u00f6ng Bengt R&amp;B, rock&#8217;n roll och dans [&hellip;]<\/p>\n","protected":false},"author":1,"featured_media":0,"parent":0,"menu_order":2,"comment_status":"closed","ping_status":"closed","template":"","meta":{"footnotes":""},"class_list":["post-7","page","type-page","status-publish","hentry"],"_links":{"self":[{"href":"https:\/\/countrymusic.fi\/bakersfield\/wp-json\/wp\/v2\/pages\/7","targetHints":{"allow":["GET"]}}],"collection":[{"href":"https:\/\/countrymusic.fi\/bakersfield\/wp-json\/wp\/v2\/pages"}],"about":[{"href":"https:\/\/countrymusic.fi\/bakersfield\/wp-json\/wp\/v2\/types\/page"}],"author":[{"embeddable":true,"href":"https:\/\/countrymusic.fi\/bakersfield\/wp-json\/wp\/v2\/users\/1"}],"replies":[{"embeddable":true,"href":"https:\/\/countrymusic.fi\/bakersfield\/wp-json\/wp\/v2\/comments?post=7"}],"version-history":[{"count":4,"href":"https:\/\/countrymusic.fi\/bakersfield\/wp-json\/wp\/v2\/pages\/7\/revisions"}],"predecessor-version":[{"id":57,"href":"https:\/\/countrymusic.fi\/bakersfield\/wp-json\/wp\/v2\/pages\/7\/revisions\/57"}],"wp:attachment":[{"href":"https:\/\/countrymusic.fi\/bakersfield\/wp-json\/wp\/v2\/media?parent=7"}],"curies":[{"name":"wp","href":"https:\/\/api.w.org\/{rel}","templated":true}]}}